{"id":5,"date":"2013-03-10T19:04:48","date_gmt":"2013-03-10T19:04:48","guid":{"rendered":"http:\/\/laufkatrinlauf.de\/?page_id=5"},"modified":"2018-04-30T15:09:52","modified_gmt":"2018-04-30T13:09:52","slug":"uber-mich","status":"publish","type":"page","link":"https:\/\/laufkatrinlauf.de\/?page_id=5","title":{"rendered":"\u00dcber mich"},"content":{"rendered":"<p><em>Der Lauftreff in Mannheim-Seckenheim ist schuld. Im Januar 2012 las ich von einem neuen Lauftreff gleich um die Ecke. Da ich bereits festgestellt hatte, wie schwierig es ist, einen passenden Laufpartner zu finden, war ich gleich begeistert. Also begann ich, mit Gleichgesinnten die Laufwege in und um Seckenheim zu testen.<\/em><br \/>\n<em>Nun bin ich Laufend unterwegs.<\/em><br \/>\n<em>Nat\u00fcrlich gibt es die Regenerationstage zwischen den Trainingseinheiten, dann kann ich hier <\/em><em>\u00fcber die Laufgruppe sowie meine guten und schlechten Erfahrungen vor\/beim\/nach dem Laufen berichten.<\/em><br \/>\n<em>Ich bin Katrin, starte 2014 das erste Jahr unter W50, besitze inzwischen 10 Paar Laufschuhe, eine Garmin und Laufklamotten f\u00fcr jede Stimmungs- und Wetterlage.<\/em><br \/>\n<em><strong>Der Anfang<\/strong><br \/>\nVor 11 Jahren beim Klassentreffen erz\u00e4hlte ich, dass es mein Traum w\u00e4re, einmal im Leben einen Marathon zu laufen. Damit hatte ich gleich einmal ein Ziel festgesetzt, von dem ich selbst noch gar nicht wusste, ob und wie ich es erreichen k\u00f6nnte. Die Blicke der anderen kann sich wohl jeder vorstellen, der mal in einer gr\u00f6\u00dferen Runde leichtsinnig so etwas erw\u00e4hnt hat \u2026 ernst genommen hatte es wohl keiner.<br \/>\n<strong>2012 im Januar<\/strong><br \/>\nLaufgruppe gefunden! Ziel der Laufgruppe war die Vorbereitung auf den MLP-Halb-\/Marathon. (F\u00fcr mich nat\u00fcrlich Halbmarathon, \u00fcber Marathon dachte ich nicht einmal nach.)<br \/>\n<strong>Ende Oktober 2012<\/strong><br \/>\nEntscheidung gef\u00e4llt, der erste (und einzige?) Marathon wird in Hamburg am 21. April 2013 gelaufen.<br \/>\nWien, Rom und Hamburg standen zur Auswahl &#8230;<br \/>\n<strong>Ende 2012<\/strong><br \/>\nDie Laufgruppe h\u00e4lt immer noch zusammen, und wir haben im Laufe des Jahres an einer Vielzahl von Volksl\u00e4ufen teilgenommen. F\u00fcr die meisten war das so gar nicht geplant, aber in der Gruppe macht es einfach Spa\u00df.<\/em><br \/>\n<em><strong>Und jetzt &#8230;<\/strong><br \/>\n&#8230; k\u00f6nnt Ihr im blog nachlesen, wie es l\u00e4uft und wie ich den Marathon \u00fcberstanden habe.<br \/>\n<\/em><br \/>\n<em><a href=\"https:\/\/laufkatrinlauf.de\/?p=426\" rel=\"noopener\" target=\"_blank\">Hamburg-Marathon<\/a><\/em><\/p>\n","protected":false},"excerpt":{"rendered":"<p>Der Lauftreff in Mannheim-Seckenheim ist schuld. Im Januar 2012 las ich von einem neuen Lauftreff gleich um die Ecke. Da ich bereits festgestellt hatte, wie schwierig es ist, einen passenden Laufpartner zu finden, war ich gleich begeistert. Also begann ich, mit Gleichgesinnten die Laufwege in und um Seckenheim zu testen. Nun bin ich Laufend unterwegs. [&hellip;]<\/p>\n","protected":false},"author":1,"featured_media":0,"parent":0,"menu_order":0,"comment_status":"open","ping_status":"open","template":"","meta":{"footnotes":""},"class_list":["post-5","page","type-page","status-publish","hentry"],"_links":{"self":[{"href":"https:\/\/laufkatrinlauf.de\/index.php?rest_route=\/wp\/v2\/pages\/5","targetHints":{"allow":["GET"]}}],"collection":[{"href":"https:\/\/laufkatrinlauf.de\/index.php?rest_route=\/wp\/v2\/pages"}],"about":[{"href":"https:\/\/laufkatrinlauf.de\/index.php?rest_route=\/wp\/v2\/types\/page"}],"author":[{"embeddable":true,"href":"https:\/\/laufkatrinlauf.de\/index.php?rest_route=\/wp\/v2\/users\/1"}],"replies":[{"embeddable":true,"href":"https:\/\/laufkatrinlauf.de\/index.php?rest_route=%2Fwp%2Fv2%2Fcomments&post=5"}],"version-history":[{"count":16,"href":"https:\/\/laufkatrinlauf.de\/index.php?rest_route=\/wp\/v2\/pages\/5\/revisions"}],"predecessor-version":[{"id":3723,"href":"https:\/\/laufkatrinlauf.de\/index.php?rest_route=\/wp\/v2\/pages\/5\/revisions\/3723"}],"wp:attachment":[{"href":"https:\/\/laufkatrinlauf.de\/index.php?rest_route=%2Fwp%2Fv2%2Fmedia&parent=5"}],"curies":[{"name":"wp","href":"https:\/\/api.w.org\/{rel}","templated":true}]}}

Über mich

<p><em>Der Lauftreff in Mannheim-Seckenheim ist schuld. Im Januar 2012 las ich von einem neuen Lauftreff gleich um die Ecke. Da ich bereits festgestellt hatte, wie schwierig es ist, einen passenden Laufpartner zu finden, war ich gleich begeistert. Also begann ich, mit Gleichgesinnten die Laufwege in und um Seckenheim zu testen.</em><br />
<em>Nun bin ich Laufend unterwegs.</em><br />
<em>Natürlich gibt es die Regenerationstage zwischen den Trainingseinheiten, dann kann ich hier </em><em>über die Laufgruppe sowie meine guten und schlechten Erfahrungen vor/beim/nach dem Laufen berichten.</em><br />
<em>Ich bin Katrin, starte 2014 das erste Jahr unter W50, besitze inzwischen 10 Paar Laufschuhe, eine Garmin und Laufklamotten für jede Stimmungs- und Wetterlage.</em><br />
<em><strong>Der Anfang</strong><br />
Vor 11 Jahren beim Klassentreffen erzählte ich, dass es mein Traum wäre, einmal im Leben einen Marathon zu laufen. Damit hatte ich gleich einmal ein Ziel festgesetzt, von dem ich selbst noch gar nicht wusste, ob und wie ich es erreichen könnte. Die Blicke der anderen kann sich wohl jeder vorstellen, der mal in einer größeren Runde leichtsinnig so etwas erwähnt hat … ernst genommen hatte es wohl keiner.<br />
<strong>2012 im Januar</strong><br />
Laufgruppe gefunden! Ziel der Laufgruppe war die Vorbereitung auf den MLP-Halb-/Marathon. (Für mich natürlich Halbmarathon, über Marathon dachte ich nicht einmal nach.)<br />
<strong>Ende Oktober 2012</strong><br />
Entscheidung gefällt, der erste (und einzige?) Marathon wird in Hamburg am 21. April 2013 gelaufen.<br />
Wien, Rom und Hamburg standen zur Auswahl &#8230;<br />
<strong>Ende 2012</strong><br />
Die Laufgruppe hält immer noch zusammen, und wir haben im Laufe des Jahres an einer Vielzahl von Volksläufen teilgenommen. Für die meisten war das so gar nicht geplant, aber in der Gruppe macht es einfach Spaß.</em><br />
<em><strong>Und jetzt &#8230;</strong><br />
&#8230; könnt Ihr im blog nachlesen, wie es läuft und wie ich den Marathon überstanden habe.<br />
</em><br />
<em><a href="https://laufkatrinlauf.de/?p=426" rel="noopener" target="_blank">Hamburg-Marathon</a></em></p>
